= 7 - 15. Let h be ((5 - 4) + 0)*l. Let g be 55/(-77) - h/7. What is t(g)?
-2
Suppose 10*j = 5*j + 20, -4*j = 4*y - 36. Suppose 0 = 4*b + 3*q - 70, -5*q + 5 = -y. Let i = 13 - b. Let g(l) = -l**3 - 3*l**2 - 3. Determine g(i).
-3
Let k(o) = 3*o**3 + 3*o**2 + 2*o + 10. Let u be (210/(-20))/(-3)*(-20)/35. Calculate k(u).
-6
Let k(h) = -4*h**2 + 442*h - 204. Let q be k(110). Let j(w) = 5*w - 84. What is j(q)?
-4
Let d(t) = -5*t**2 + 5*t - 3. Let i(j) = 7*j + 7. Let s be i(-2). Let b(v) = -4*v**2 + 5*v - 2. Let a(z) = s*b(z) + 6*d(z). Calculate a(-3).
-7
Let o(n) = 42*n - 257. Suppose -16 = -25*w + 19*w + 5*r, 0 = -3*w - r + 22. What is o(w)?
-5
Let t(h) = 13*h + 1. Let w(s) = -59*s - 159. Let p(x) = 4*t(x) + w(x). Calculate p(-24).
13
Let o = -5 + 8. Suppose o*g = -d + 10, 2 + 20 = 5*g + 3*d. Let h(i) be the third derivative of -i**4/6 - 3*i**2 + 16. Determine h(g).
-8
Let l(g) = 4*g + 7. Let w = -11 - -15. Let r(v) = -3*v - 6. Let q(d) = w*l(d) + 5*r(d). What is q(6)?
4
Let u(l) = 276*l**2. Let w be u(1). Suppose 2*c - w = -4*c. Let y(p) = 0 - 41*p**2 - 4*p + 2 + 0*p - p**3 + c*p**2. Calculate y(3).
8
Let k(c) = -c**3 + 37*c**2 - 133*c + 46. Suppose -404 = -4*p + 3*l - 260, 3*p + 2*l - 91 = 0. Give k(p).
13
Let q = -13 - -13. Suppose -5 = -2*j - 1. Let d(w) = -2 + w + w**2 - 2 + 4 - j. What is d(q)?
-2
Let l = 1 + -1. Let o(v) = -148*v**2 + 447*v**2 + 6 - v - 145*v**2 - 153*v**2. Give o(l).
6
Let f(h) = -451*h + 3611. Let b be f(8). Let g(x) = 0*x + 0*x**2 - 2*x - x**2. Give g(b).
-15
Let m(l) = 882241*l - 4 + 12 + 20*l**2 - 882235*l - 2*l**3. Determine m(10).
68
Let u(x) = -38*x**2 - 2*x - 1. Suppose -10 = -14*k + 9*k. Suppose -3*i - 4*l + 6 = -7, k*i = -3*l + 10. Give u(i).
-37
Let q be (-4)/(-18) - 68/(-18). Suppose -2*s + 14 = u + 4*u, 0 = -s - q*u + 10. Let b(k) = 60*k**s + 7*k - 4 + 1 - 59*k**2. Calculate b(-7).
-3
Let h(b) = -2*b + 6. Let t(l) = l - 4. Let u(z) = -3*h(z) - 5*t(z). Suppose 5*a - 44 + 12 = -2*x, 0 = a - 5*x - 28. Give u(a).
10
Let b(m) = 3*m - 3. Let k = 199 + -190. Suppose 0 = -16*d + k*d + 28. Determine b(d).
9
Let u(c) = 3*c**2 + 5*c + 4. Let s be -6 + 3 - 10*(-1)/2. Suppose -2*h = -s, 0 = 4*k - 2*h + 4*h + 10. Give u(k).
16
Let r(d) = 11*d + 98. Let v be r(-9). Let q(o) = 86*o + 81. Give q(v).
-5
Let a = -123 - -189. Suppose -44 + a = 2*g. Let t be g + (-2 - 3) + -1. Let k(f) = f**3 - 7*f**2 + 5*f + 2. Give k(t).
-23
Let d(p) = -6*p**3 + 2*p**2 + 11. Let o(u) = 46*u**3 - 16*u**2 - 82. Let b(m) = 15*d(m) + 2*o(m). Let l = 17 - 19. What is b(l)?
-23
Let p(v) be the first derivative of v**2 - 8*v + 1. Suppose 969 = 281*c - 998. What is p(c)?
6
Let j(p) be the second derivative of 51 + 1/2*p**2 + 2*p - 1/2*p**3. What is j(-3)?
10
Let g(v) be the first derivative of -7/2*v**2 + 2*v**3 + 1/4*v**4 + 5*v + 13. Give g(-7).
5
Let w(z) = 298*z - 8927. Let p be w(30). Let x(g) = -g**2 + 10*g + 45. Determine x(p).
6
Let w(s) be the third derivative of -3*s**6/40 - s**5/12 - s**4/8 - s**3/3 + 334*s**2 - 4*s. Calculate w(-1).
5
Let w(y) be the first derivative of y**2/2 - 16*y - 1. Let f be ((-10)/(-25))/((-34)/(-85))*11. Give w(f).
-5
Suppose 0 = 9*m - 15*m. Let p(r) be the second derivative of -r**3/6 + 3*r**2/2 - 103*r. Give p(m).
3
Let d(p) = -11*p**2 + 3*p + 4. Let i be d(-1). Let j(y) = y**2 + 11*y + 10 - 1 + 4 - 9. Calculate j(i).
-6
Let b(s) = 4*s - 4. Let f(t) be the first derivative of 10*t + t + 3*t**2 - t**2 + 8 + 20*t. Let z be f(-7). What is b(z)?
8
Let a = -10 + 8. Let f be (2/4 - a)*-2. Let z(m) = 1 - 2314*m**2 - m**3 + 4720*m**2 - 2411*m**2 + m. What is z(f)?
-4
Suppose -12*c = -24*c - 48. Let d(m) = 2*m**3 + 5*m**2 + 10*m + 2. Give d(c).
-86
Let l(k) = -k**2 + 90 + 103 + 32*k - 16*k - 5*k - 121. Calculate l(14).
30
Let u(k) = 4*k**2 + 1. Let x be u(-2). Suppose 2*i = 4, -20*y + 4*i = -x*y + 14. Let g(h) be the second derivative of h**3/3 + h**2/2 + h. Give g(y).
-3
Let m be (-80 + 2)*6/(-12). Suppose 2*f = -5*k - m, -5*f + 3*k - 13 = -f. Let s(y) = -9*y + 3 + 4*y**2 - 5*y**2 - 12. What is s(f)?
5
Let x(w) = w**2 - 1. Let d(o) = -o**3 - 4*o**2 + 5*o + 1. Let m = 2 - 7. Let z be d(m). Let i be x(z). Let n(j) = j**3 + j**2 + j - 6. Determine n(i).
-6
Let j(r) be the third derivative of 0 + 1/120*r**6 + 3/20*r**5 + 0*r + 1/24*r**4 + 119*r**2 + 11/6*r**3. What is j(-9)?
2
Let d(a) be the third derivative of -3*a**4/8 + 13*a**3/6 - 16*a**2 + 2. What is d(5)?
-32
Let a(t) = 3*t**2 - 10*t - 5. Let q be a(4). Let o(w) = 95*w**2 + 1 - w - 188*w**2 + 93*w**2 - q*w**3. Suppose -3 = v - 4. Calculate o(v).
-3
Let l(i) = 879*i - 4*i**2 - 2 - i**3 - 1761*i + 9 + 887*i. Let g = 16 - 14. Suppose -2*k + 4*r + 10 = 0, 4 = g*k - 3*r - 1. What is l(k)?
7
Let u(m) be the second derivative of -m**5/20 - 3*m**4/4 - 7*m**3/6 - 2*m. Suppose 0 = -3*r - 2*j - 633, 3*r = 2*r - 2*j - 211. Let a = -219 - r. What is u(a)?
-8
Let r be 1/(-13) + (-444)/481. Let i(w) = -17*w**3 - 7*w**2 + w - 3. Let o(c) = 3*c**3 + c**2 - c + 1. Let n(z) = r*i(z) - 6*o(z). Give n(3).
-6
Let s(q) = 33*q - 122*q - 25 + 45*q + 24*q + 36*q. What is s(2)?
7
Suppose 354 = 5*n - 361. Suppose -2*z + 12 = 3*i, -n*z = -142*z - 4*i - 6. Let v(f) = -f**2 + 8*f - 9. Determine v(z).
3
Let h(x) = x**3 + 33*x**2 + 33*x + 41. Let u be h(-32). Let m(f) be the third derivative of -f**5/60 + 3*f**4/8 + f**3/6 - 17*f**2. What is m(u)?
1
Suppose -4*j + 2*j - 8 = 0, -2*h = 3*j - 28. Suppose -h = -18*g + 13*g. Let i(x) = -x**3 + 4*x**2 + 3*x - 4. What is i(g)?
8
Let u(n) = -n - 30. Suppose -3053 = -4*r - 3121. Determine u(r).
-13
Let o(x) be the third derivative of x**5/6 - 2*x**4/3 - 5*x**3/6 + 40*x**2. Let j(b) = 3*b**2 - 5*b - 2. Let m(n) = -7*j(n) + 2*o(n). Determine m(4).
0
Suppose 70*g - 24 = 66*g. Let h(u) = -g*u + 7 + 2*u**2 - u**2 + 2*u - 3*u. Calculate h(5).
-3
Let l(i) = -5*i + 3*i**2 + i**3 + 1 + 3 - 6. Suppose 8*j + 132 = -25*j. Calculate l(j).
2
Let k(x) = -x**2 + 3*x + 43. Suppose 571*m = 590*m + 95. Give k(m).
3
Let b(y) = 3*y**2 - 2*y + 1 + 3*y**2 - 4*y**2 - y**3. Let h be (-80)/32 - (-308)/88. What is b(h)?
0
Let x(j) = j**2 + 219*j + 8. Let l(r) = -97*r - 4. Let m(a) = -9*l(a) - 4*x(a). What is m(1)?
-3
Let q(z) = z**2 + 3*z - 11. Suppose 16 + 36 = 5*b - 3*g, 4*b = -g + 28. Let x(d) = 12*d - 102. Let f be x(b). What is q(f)?
7
Suppose -5*s = o - 26 + 5, 2*s + 5*o = -10. Let q(d) = -3*d**2 + 8*d - 18. Let g(f) = -f**2 + 3*f - 6. Let z(c) = -7*g(c) + 2*q(c). Give z(s).
6
Let w(l) = -3*l + 2. Let i be (((-10)/(-3))/1)/((-30)/(-45)). Suppose 3*t + 3*a = a + 160, -4*t = i*a - 211. Let p be (-4)/(-9)*t/12. Give w(p).
-4
Let x be (-259)/(-28) - (-3)/(-12). Let z(s) = -s. Let b(w) = w**2 - 17*w + 13. Let j(o) = -b(o) + 6*z(o). Give j(x).
5
Let n(y) = 4*y**2 + 7*y + 3*y**2 - 5*y**2 - y**2 - 64 + y. Give n(-13).
1
Let s(v) = 92*v + 94*v + 27 - 280*v + 90*v. Give s(8).
-5
Suppose 0 = 3*x - 2*x + 27 - 20. Let w(u) = u**2 + 28*u + 154. Give w(x).
7
Let t(s) = 5*s**2 + 74*s - 3 - 77*s + 2 - 2. Determine t(3).
33
Let o(l) = -1 - 4 + 0*l + 2 - 6*l. Give o(5).
-33
Suppose 0*g + 14 = -g + 4*t, 4*g + 32 = 4*t. Let m(j) be the third derivative of -j**5/60 - 5*j**4/24 + 2*j**3/3 - 209*j**2. Determine m(g).
-2
Let o(a) = -4*a - 1. Let d(v) = 25*v - 11. Let r(z) = 2*z**2 - z + 1. Let t be r(0). Let q(y) = t*d(y) + 6*o(y). Determine q(9).
-8
Let u(i) = 1. Let x(h) = -h + 3. Let l(d) = -3*u(d) + x(d). Let b be l(-1). Let q(c) be the second derivative of -2*c**3/3 + c**2/2 + 129*c - 1. Calculate q(b).
-3
Let s(m) = -2*m + 8. Suppose 0 = 19*c - 58 - 18. Let p be -4*(c + -2 - 4/1). What is s(p)?
-8
Let z = -124 + 129. Let x(j) = -j. Let f(u) = -2. Let l(s) = z*f(s) - x(s). Let d = -3 + 8. Give l(d).
-5
Suppose 8*c + 0 = 88. Let q(l) = 9*l - 88. Let p(i) = 7*i - 72. Let a(g) = 4*p(g) - 3*q(g). Give a(c).
-13
Let z(i) be the second derivative of -i**3/6 + 3*i**2 - 46*i - 51. Let k = -4 - -5. Let q be (-54)/(-6) + (-2)/k. Determine z(q).
-1
Let q(l) = -11*l - 275 + l**3 + 0*l**3 + 0*l**3 - 12*l**2 - 307 + 559. Calculate q(13).
3
Let z(u) = u**2 + u - 24. Suppose -91 = -y + 2*y + 4*b, y = 2*b - 121. Let c = 111 + y. What is z(c)?
-24
Let g(t) = -4*t + 141. Let n be (1 - -3) + -2 + 31 + 0 - 4. What is g(n)?
25
Let z(u) = u**3 - 4*u**2 - 2*u + 6. Suppose 0 = -0*q + q - 3. Suppose 5*t - 30 = q*t. Suppose